Calculate the remainder when 21 is divided by (4*4)/(y - 3).
5
Let a = -361 + 459. Calculate the remainder when 387 is divided by a.
93
Let g(r) = -r**3 + 7*r**2 - 6*r + 1. Let m be g(6). Suppose -m - 38 = -3*s. What is the remainder when s is divided by 5?
3
Let o(u) = 7*u**2 - u + 2. Suppose 4*r - 9 - 3 = 0. Suppose r*b = -0*b + 24. What is the remainder when o(2) is divided by b?
4
Suppose -13 + 43 = 6*r. Suppose -5*z - 52 = -s, 0 = -2*s + r*z + 45 + 59. Let o(p) = p**2 - p + 18. What is the remainder when s is divided by o(0)?
16
Let s = 333 + -322. What is the remainder when 79 is divided by s?
2
Suppose -50 = -4*z + 150. Suppose -4*x + 181 = 109. What is the remainder when z is divided by x?
14
Let c = -31 - -47. Suppose 0 = -4*b, -b = 4*f - 2*b - c. Let n(i) = 2*i**2 - 4*i - 1. What is the remainder when 28 is divided by n(f)?
13
Let g(l) = l**3 - l - 2. Let s be g(-1). Let x be -6*(s/3 - 0). Suppose 0*o - o + x = 0. Calculate the remainder when o is divided by 3.
1
Let x(d) = -3*d + 11. Let u be (0 + -4)/(1/(-2)). Let c be x(u). Let t(g) = -g - 3. What is the remainder when t(c) is divided by 3?
1
Let v(x) = -2*x + 4. Let i be v(1). Suppose -2 = 2*m, -7*r + i*m = -2*r - 67. Calculate the remainder when 333/6*(-4)/(-6) is divided by r.
11
Suppose 2*m = b + 41, m - 4*b = -0*m + 38. Let i = m - 11. Suppose 113 = i*q + 29. What is the remainder when 57 is divided by q?
9
Suppose 0 = -w + 4*n - 2*n + 9, 6 = -2*n. Suppose 4*q - 143 = -w*l + 101, 216 = 4*q - 4*l. Calculate the remainder when q is divided by 20.
18
Let d = 1205 - 937. What is the remainder when d is divided by 95?
78
Let k = 4 + 20. Suppose -g + 0*g = -4*v - 64, v = 2*g - 135. Calculate the remainder when g is divided by k.
20
Calculate the remainder when 182 is divided by (32/(-40))/((-1)/55).
6
Suppose 3*f - 1 = 5. Suppose -f*c + 11 = -3*d - 39, -d = 4. Let y = c + -6. Calculate the remainder when 24 is divided by y.
11
Suppose -2*o + 99 = m, 2*o = -3*o - 4*m + 243. Suppose -3*f + o = 21. Calculate the remainder when f is divided by 6.
4
Let g(q) be the third derivative of -q**4/3 + 5*q**3/6 - 12*q**2. Calculate the remainder when g(-2) is divided by 4.
1
Let t be (-26)/(-156) - (-994)/12. Suppose -3*g + t + 103 = 0. Calculate the remainder when g is divided by 21.
20
Suppose -3*u + 4*m - 28 = 0, 2*m - 22 = 3*u + 4*m. Let c = 13 + u. Suppose 0 = s - c*s + 72. What is the remainder when 69 is divided by s?
15
Let c = -44 + 101. Let k(x) = x**3 - 12*x**2 + x - 10. Let a be k(12). Calculate the remainder when c is divided by (-5)/10*a*-12.
9
Let i = 84 - 49. Suppose -n + 6*n = i. Suppose 2*f + 5 = -m + 2*m, 4*f - 12 = 0. What is the remainder when m is divided by n?
4
Let t = 198 + -167. What is the remainder when t is divided by 5/20 + 63/4?
15
Let x(o) = 123*o**3 - 2*o**2 + 2*o - 1. What is the remainder when x(1) is divided by 44?
34
Let d = -9 + 9. Suppose d = -5*b - 3*y + 30, -b + 2*y = -0*b - 19. What is the remainder when 25 is divided by b?
7
Suppose -63*f + 72*f = 126. Suppose -94 = -4*y + 86. Let v = y + 22. Calculate the remainder when v is divided by f.
11
Suppose 375 = 5*f + 2*z, -11*f = -9*f - 5*z - 121. What is the remainder when 150 is divided by f?
4
What is the remainder when (-364)/(-6) + 294/126 is divided by 5?
3
Let y(n) = 15*n + 37. What is the remainder when y(5) is divided by 38?
36
Let r(t) = -29*t. Let v be 9*2/6 + -4. What is the remainder when r(-1) is divided by (v + -3)/2 - -12?
9
Suppose 2*y + 20 = 4*p, 6*y = y. Suppose 0*w - p*w + 10 = 0. Suppose 0 = 2*v + w*v - 220. Calculate the remainder when v is divided by 29.
26
What is the remainder when 503 is divided by (-6 - -24)*(2 + -1)?
17
Suppose 56*y = -8*y + 10560. What is the remainder when 165 is divided by y?
0
Let i be ((-4)/(-3))/((-10)/(-15)). Suppose 5*j = 13 + i. Suppose -j*m + 228 = m. Calculate the remainder when m is divided by 20.
17
Let y(t) be the first derivative of t**4/4 + 8*t**3/3 - t**2/2 - 5*t - 38. Calculate the remainder when y(-7) is divided by 13.
12
Let q = 7 + -3. Let u(t) = t**3 - 5*t**2 + 4*t + 3. Let r be u(q). Suppose -3*v + 47 = -2*y + r*y, -8 = 2*y. What is the remainder when 32 is divided by v?
15
Let p(x) be the second derivative of x**4 - 2*x**3/3 - x**2/2 - 26*x. Calculate the remainder when 130 is divided by p(1).
4
Let a be 0 - (3 + -3 + -16). Let r = 35 - -27. What is the remainder when r is divided by (-3 - (-36)/a)*-28?
20
Let q be 4 - 1*2/(-2). Suppose 262 = 4*w + 5*o, 0 = q*w + 5*o + 79 - 409. Let s = -21 + w. What is the remainder when s is divided by 24?
23
Suppose -15*r + 11*r = 5*t - 1304, -3*t + 783 = 3*r. What is the remainder when t is divided by 66?
62
Let d be ((-4)/(-6))/(2/6). Let i(m) = -2*m - 41. Let k be i(-22). Suppose -k = d*j - 5. What is the remainder when 3 is divided by j?
0
Let r(u) = u**3 + 6*u + 7. Let h(v) = v**2 - 6*v - 2. What is the remainder when h(-5) is divided by r(0)?
4
Calculate the remainder when (-71)/(-3) - (-3 + (-104)/(-39)) is divided by 5.
4
Let l be -3*(-12)/45*(-70)/(-4). Calculate the remainder when 9 is divided by (-1)/((1/2)/((-21)/l)).
0
Let x = 1005 - 994. What is the remainder when 85 is divided by x?
8
What is the remainder when 920 is divided by 171/9 - (0 - (-6 - 0))?
10
Calculate the remainder when 2 is divided by (-120)/(-280) + 8/14.
0
Let b = 5 + -8. Let d be 0 + -2 + (-84)/b. Let n = d - 9. What is the remainder when 50 is divided by n?
16
Suppose 3*f - 2*f + 4 = 0. Calculate the remainder when 682/14 + f/(-14) is divided by (-168)/(-10) + (-1)/(-5).
15
What is the remainder when ((-912)/(-56))/(3/14) is divided by 30?
16
Let s(g) = g**2 + 14*g - 36. Suppose 0 = 5*f - 3*p + 656 - 36, -3*f - 376 = -p. Let k = -69 - f. Calculate the remainder when k is divided by s(-17).
13
Let v(f) be the second derivative of -f**3/2 - 15*f**2/2 + 9*f. Calculate the remainder when 3 is divided by v(-6).
0
Let r(i) be the second derivative of -i**3/2 - 4*i**2 + 6*i. Let c = 3 - 10. Calculate the remainder when 34 is divided by r(c).
8
Let j be 7 + (6 - 3)*-1*1. Suppose -5*l + 101 = -j*u - 9, 0 = 5*u. What is the remainder when 65 is divided by l?
21
Let a(b) = 2*b**2 - 8*b + 4. Let i(m) = 2*m**2 - 7*m + 3. Let j(r) = -3*a(r) + 2*i(r). Suppose 4 = k - 7. What is the remainder when k is divided by j(3)?
5
Suppose 31*l = -56*l + 3393. Calculate the remainder when 1441 is divided by l.
37
Let r be (15*-1)/(-1 - 0). Let d = -15 + r. Calculate the remainder when 24 is divided by ((-12)/8 + d)*-6.
6
Suppose -8*l + 708 = 324. Calculate the remainder when 88 is divided by l.
40
Suppose -2*a - 3*a = -30. Let i(k) = k**3 - 5*k**2 - 6*k. Let q be i(a). Suppose q = -4*l + 21 + 15. What is the remainder when 22 is divided by l?
4
Let g = 15 - 6. Suppose 3*v - j + 12 = j, -2*j = -v - 8. Calculate the remainder when 33*((-24)/9)/v is divided by g.
8
Suppose 2*b - 364 + 106 = 0. Calculate the remainder when b is divided by 12.
9
Let o be (-1)/(-2) - (441/(-6))/(-7). What is the remainder when 58 is divided by (-6)/(-3)*5/(o/(-12))?
10
Suppose -5*c = l - 1198, -4*l = -3*c - 3*l + 722. Suppose -c = -4*t + 4*w, 3*w - 12 = -w. What is the remainder when t is divided by -1*10*(-32)/20?
15
Suppose -77 = -5*l + m, 19*l = 21*l + 4*m - 44. What is the remainder when 62 is divided by l?
14
Suppose 0 = -c - 3*c + 280. Let h = -48 + c. What is the remainder when h is divided by 12?
10
Let b(a) = -a**3 + 7*a**2 + a - 3. Let h be b(7). Let w be (-2)/(16/52)*-2. Suppose -h*s + w + 59 = 0. What is the remainder when 70 is divided by s?
16
Suppose -53*f - 273 + 1174 = 0. What is the remainder when 30 is divided by f?
13
Suppose -4*k = -12, 0*k = 2*u + 4*k - 30. Suppose -u*v + 1442 = -313. What is the remainder when v is divided by 33?
30
Suppose 224 = 7*r + 21*r. Calculate the remainder when 34 is divided by r.
2
Let c be -2 + 1/((-2)/(-4)). Suppose c*f + f + 3*t - 85 = 0, 2*t = 5*f - 493. What is the remainder when f is divided by (-13 - (-616)/32)*4?
22
Let h(y) = -10*y + 52. Calculate the remainder when 94 is divided by h(4).
10
Suppose 6*g = 5*g, 3*n + 3*g = 225. Let l = n + -51. Let c = l + -15. What is the remainder when 42 is divided by c?
6
Calculate the remainder when (-3)/(-7) - (-19350)/126 is divided by 54.
46
Suppose -5*r = -5, -4*a 